f 99 and 88?
11
Calculate the highest common factor of 40900 and 100.
100
Calculate the highest common divisor of 18 and 26.
2
Calculate the greatest common factor of 4480 and 420.
140
What is the greatest common factor of 84 and 14?
14
What is the highest common factor of 3 and 5169?
3
What is the highest common factor of 130 and 325?
65
Calculate the greatest common factor of 528 and 768.
48
What is the highest common divisor of 75 and 825?
75
Calculate the highest common divisor of 221 and 102.
17
What is the greatest common factor of 90 and 432?
18
Calculate the highest common divisor of 42 and 1498.
14
What is the greatest common divisor of 11848 and 8?
8
What is the highest common factor of 48974 and 47?
47
Calculate the highest common factor of 3599 and 427.
61
Calculate the greatest common divisor of 12 and 6348.
12
What is the highest common divisor of 208 and 13?
13
What is the greatest common divisor of 63 and 28?
7
What is the highest common divisor of 12 and 66228?
12
What is the highest common factor of 49 and 39053?
49
What is the greatest common factor of 744 and 837?
93
Calculate the highest common factor of 56 and 2429.
7
Calculate the highest common divisor of 666 and 74.
74
Calculate the greatest common divisor of 2652 and 7548.
204
Calculate the highest common divisor of 3692 and 1404.
52
What is the greatest common divisor of 2322 and 344?
86
What is the highest common factor of 6 and 30?
6
Calculate the greatest common factor of 270 and 10.
10
What is the greatest common factor of 310 and 85?
5
What is the highest common factor of 24 and 22800?
24
Calculate the highest common divisor of 177 and 15163.
59
What is the highest common factor of 1158 and 6?
6
Calculate the highest common factor of 3 and 129.
3
What is the greatest common factor of 530 and 10?
10
Calculate the highest common factor of 4810 and 650.
130
Calculate the greatest common divisor of 88 and 693.
11
Calculate the highest common divisor of 5896 and 66.
22
What is the highest common factor of 256 and 16?
16
Calculate the highest common factor of 34 and 5746.
34
What is the highest common divisor of 16 and 120?
8
Calculate the greatest common divisor of 459 and 27.
27
What is the highest common divisor of 19 and 1539?
19
What is the greatest common divisor of 54 and 342?
18
What is the greatest common factor of 218 and 2?
2
Calculate the greatest common factor of 17212 and 312.
52
What is the greatest common divisor of 32 and 342?
2
Calculate the greatest common divisor of 18 and 3258.
18
What is the greatest common divisor of 370 and 10?
10
Calculate the highest common divisor of 3985 and 20.
5
What is the highest common divisor of 230 and 30?
10
What is the greatest common factor of 3175 and 254?
127
What is the highest common divisor of 584 and 5621?
73
Calculate the highest common divisor of 188 and 77644.
188
Calculate the greatest common divisor of 686 and 1470.
98
Calculate the greatest common factor of 4 and 32.
4
Calculate the greatest common factor of 1875 and 525.
75
Calculate the greatest common factor of 44 and 3368.
4
Calculate the highest common factor of 163 and 1.
1
What is the highest common divisor of 16 and 672?
16
What is the highest common divisor of 49 and 189?
7
Calculate the highest common factor of 55 and 2310.
55
What is the greatest common factor of 3715 and 5?
5
What is the greatest common factor of 493 and 4814?
29
What is the greatest common divisor of 245 and 10?
5
Calculate the greatest common factor of 564 and 48.
12
Calculate the highest common factor of 34 and 544.
34
Calculate the greatest common factor of 244 and 29524.
244
What is the greatest common divisor of 1162 and 249?
83
Calculate the greatest common factor of 220 and 385.
55
What is the highest common factor of 16 and 1648?
16
Calculate the highest common divisor of 200 and 125.
25
What is the highest common factor of 4 and 6104?
4
Calculate the highest common factor of 80 and 4920.
40
Calculate the greatest common divisor of 19656 and 52.
52
What is the highest common divisor of 130 and 1378?
26
Calculate the greatest common divisor of 6 and 579.
3
Calculate the highest common divisor of 312 and 8216.
104
Calculate the highest common divisor of 17283 and 21.
21
What is the highest common factor of 88 and 56?
8
Calculate the greatest common divisor of 240 and 304.
16
Calculate the highest common factor of 10 and 230.
10
What is the highest common factor of 9 and 144?
9
Calculate the highest common factor of 186 and 1364.
62
Calculate the greatest common divisor of 623 and 178.
89
Calculate the greatest common divisor of 36 and 840.
12
Calculate the greatest common factor of 448 and 128.
64
Calculate the highest common factor of 114 and 2850.
114
Calculate the greatest common factor of 735 and 75.
15
What is the greatest common factor of 145 and 20?
5
What is the greatest common factor of 12796 and 56?
28
What is the greatest common divisor of 17 and 1462?
17
What is the highest common factor of 68 and 17?
17
Calculate the greatest common factor of 189 and 1806.
21
What is the greatest common divisor of 752 and 846?
94
What is the greatest common factor of 24 and 88?
8
What is the greatest common divisor of 136 and 200?
8
What is the greatest common divisor of 12250 and 500?
250
Calculate the greatest common divisor of 207 and 69.
69
What is the greatest common factor of 262 and 2?
2
Calculate the greatest common factor of 70 and 574.
14
What is the greatest common factor of 96 and 128?
32
Calculate the greatest common divisor of 18 and 1626.
6
What is the greatest common factor of 20 and 370?
10
Calculate the highest common factor of 79 and 18.
1
Calculate the highest common factor of 160 and 680.
40
What is the greatest common divisor of 8475 and 75?
75
What is the highest common divisor of 931 and 98?
49
Calculate the highest common divisor of 351 and 1573.
13
Calculate the greatest common divisor of 330 and 50.
10
Calculate the highest common divisor of 252 and 644.
28
Calculate the highest common factor of 62 and 341.
31
What is the greatest common factor of 729 and 3?
3
Calculate the highest common factor of 435 and 810.
15
What is the highest common divisor of 124 and 4?
4
Calculate the highest common factor of 8281 and 49.
49
Calculate the highest common factor of 19221 and 43.
43
What is the highest common divisor of 273 and 63?
21
What is the highest common factor of 4249 and 7?
7
What is the greatest common factor of 4 and 146?
2
Calculate the greatest common factor of 455 and 182.
91
What is the highest common factor of 252 and 308?
28
What is the greatest common divisor of 460 and 23?
23
Calculate the highest common divisor of 99 and 11.
11
Calculate the highest common divisor of 45 and 11070.
45
What is the highest common divisor of 48 and 408?
24
What is the greatest common factor of 54 and 96?
6
What is the greatest common factor of 2112 and 627?
33
Calculate the highest common factor of 5 and 815.
5
Calculate the greatest common factor of 903 and 14.
7
What is the highest common divisor of 60 and 1380?
60
What is the highest common divisor of 32358 and 6?
6
What is the highest common factor of 910 and 420?
70
Calculate the highest common factor of 153 and 425.
17
What is the greatest common factor of 4374 and 270?
54
What is the greatest common factor of 486 and 108?
54
Calculate the greatest common factor of 1705 and 4495.
155
What is the highest common divisor of 473 and 172?
43
What is the greatest common divisor of 894 and 6?
6
Calculate the greatest common divisor of 60 and 10410.
30
What is the highest common divisor of 162 and 2?
2
What is the highest common divisor of 608 and 10792?
152
What is the highest common factor of 34 and 1785?
17
Calculate the highest common divisor of 34 and 68.
34
Calculate the greatest common factor of 425 and 17.
17
Calculate the highest common divisor of 1962 and 6976.
218
Calculate the highest common factor of 61 and 488.
61
Calculate the highest common factor of 288 and 304.
16
What is the greatest common factor of 98 and 56?
14
Calculate the greatest common divisor of 15 and 573.
3
What is the greatest common factor of 48 and 704?
16
Calculate the highest common divisor of 8 and 800.
8
Calculate t